265613
-b065a (base 14) to base 8
-1473630
50515525 (base 6) to base 16
15fd6d
Convert 85aa6 (base 13) to base 8.
727223
Convert 44200302 (base 5) to base 10.
381327
Convert 112400312 (base 5) to base 15.
a1d22
What is 177762 (base 9) in base 7?
640514
Convert -111470 (base 9) to base 7.
-365352
What is -40116 (base 11) in base 13?
-20947
What is -25862a7 (base 12) in base 3?
-111220121000101
Convert -102022555 (base 6) to base 4.
-12301220213
Convert -10353939 (base 10) to base 16.
-9dfd13
What is -340513155 (base 6) in base 15?
-826d42
-22011222202 (base 3) to base 6
-3241502
-ace499 (base 15) to base 5
-4102441134
-1781773 (base 9) to base 15
-14ad59
-d46ab (base 14) to base 9
-858837
4792982 (base 11) to base 8
37663033
-43022031 (base 5) to base 9
-610040
Convert -20042323 (base 5) to base 10.
-159088
What is 67c656 (base 13) in base 14?
47ca2a
Convert 15142 (base 16) to base 10.
86338
1c5 (base 14) to base 6
1413
11a5a7 (base 11) to base 16
2e51c
What is -21d447 (base 15) in base 6?
-54333121
What is 2025454 (base 7) in base 6?
5104334
Convert 3226506 (base 8) to base 10.
863558
Convert 1201100110112 (base 3) to base 2.
11011110101110111101
-200c43 (base 13) to base 11
-469532
-31430324 (base 5) to base 3
-111102202222
-10010101001111101 (base 2) to base 4
-102221331
What is -2c1d71 (base 14) in base 9?
-2810237
What is 20220111200 (base 3) in base 11?
93173
What is 28225a8 (base 11) in base 12?
1766b19
-5a456d (base 14) to base 6
-150043541
What is -928081 (base 12) in base 10?
-2294881
Convert -221021202111100 (base 3) to base 15.
-12a6cb6
Convert -79215 (base 11) to base 12.
-56484
-4358a (base 16) to base 2
-1000011010110001010
Convert -182972 (base 11) to base 8.
-1046631
What is 46a4b (base 12) in base 6?
2010535
Convert 205870 (base 11) to base 12.
13aa36
14551354 (base 7) to base 6
45450244
What is -35ccb (base 16) in base 10?
-220363
What is 3313332 (base 6) in base 15?
33ee8
-24306218 (base 9) to base 15
-10980a2
Convert -130253 (base 9) to base 10.
-78942
Convert 20020222 (base 5) to base 14.
415c6
Convert -598543 (base 10) to base 16.
-9220f
4aa8 (base 14) to base 16
331c
30311311 (base 4) to base 14
1524d
What is 116056 (base 7) in base 13?
9910
What is 4bad (base 15) in base 11?
11141
328e (base 15) to base 16
29d5
What is -c5652 (base 13) in base 4?
-1112213232
33231103 (base 4) to base 14
19639
Convert 158640 (base 15) to base 12.
422466
Convert 2362277 (base 11) to base 7.
46665143
What is -1d5115 (base 14) in base 16?
-100a1f
Convert 1414681 (base 9) to base 8.
2756711
Convert 41970 (base 10) to base 16.
a3f2
What is -a30d2a (base 14) in base 7?
-64500353
What is 2313311132 (base 4) in base 3?
1102020220112
-2131034 (base 5) to base 16
-8e2a
What is 2226516 (base 8) in base 5?
123221142
Convert 16714 (base 10) to base 4.
10011022
427bc (base 14) to base 10
160690
What is -6698 (base 16) in base 10?
-26264
Convert -317505 (base 8) to base 16.
-19f45
Convert -8a6629 (base 12) to base 3.
-11011020120020
Convert 32321410 (base 5) to base 4.
1003200000
Convert -2331030 (base 5) to base 2.
-1010011010010000
What is -14141332 (base 5) in base 2?
-100011110000100011
-10000000110000010 (base 2) to base 5
-4102142
Convert 11223120232 (base 4) to base 7.
15436306
Convert 28ca8 (base 14) to base 8.
305644
Convert -87ea9b (base 15) to base 10.
-6479021
352940 (base 14) to base 3
10102002202222
Convert -2012100122201 (base 3) to base 12.
-484154
Convert 500652 (base 9) to base 13.
a4822
-5abb35 (base 12) to base 15
-1e12d8
What is -423443430 (base 5) in base 9?
-3314206
Convert 150998 (base 10) to base 6.
3123022
What is -3321124 (base 5) in base 7?
-330055
What is -1710666 (base 8) in base 2?
-1111001000110110110
Convert -14117706 (base 8) to base 4.
-30021333012
Convert -14321502 (base 6) to base 2.
-1111000010101001110
What is -4aa1a5 (base 11) in base 16?
-c4540
-85abc2 (base 13) to base 11
-1852a82
What is -116002 (base 9) in base 3?
-10120000002
What is 100001101101000111 (base 2) in base 11?
947a5
-10210020201 (base 3) to base 10
-74539
145353405 (base 6) to base 10
3063245
156353165 (base 7) to base 2
101000101000100100111001
Convert 315612 (base 8) to base 2.
11001101110001010
-1101011000001110 (base 2) to base 13
-1bc33
Convert 3910a7 (base 13) to base 9.
2522676
What is -103005034 (base 7) in base 3?
-102111220100201
Convert 23233210 (base 4) to base 12.
23a04
2113523 (base 6) to base 2
11001001100111011
20021101221 (base 3) to base 2
11110001001101000
Convert 69123 (base 11) to base 12.
49a2b
Convert 935650 (base 10) to base 4.
3210123202
3101bb (base 12) to base 16
bb61f
What is -70112 (base 15) in base 2?
-1010110100100111001
Convert 310442013 (base 5) to base 16.
134e6a
What is 36757 (base 12) in base 16?
11fb3
27a18b6 (base 12) to base 2
11110001110100111001010
What is -3091127 (base 12) in base 10?
-9146479
Convert -14265717 (base 9) to base 12.
-244b821
Convert -b860 (base 13) to base 10.
-25597
What is -310242224 (base 5) in base 12?
-508760
What is 32250000 (base 6) in base 10?
955152
Convert -21530520 (base 6) to base 7.
-5343360
Convert -20233113332 (base 4) to base 10.
-2291198
What is -101110100000001100001100 (base 2) in base 11?
-6976981
What is 9520824 (base 10) in base 6?
540021520
What is -35021321 (base 6) in base 16?
-106b31
Convert 113313232 (base 4) to base 15.
1de84
What is -6a798b (base 13) in base 4?
-21221301033
What is -3999136 (base 10) in base 4?
-33100112200
Convert 45125 (base 10) to base 14.
12633
What is -5ef23c (base 16) in base 11?
-356aa84
Convert -201123310 (base 4) to base 6.
-2534004
What is -3022210130 (base 4) in base 15?
-115c9e
What is 233679 (base 13) in base 5?
203222344
What is -540052 (base 8) in base 9?
-304245
What is 10563 (base 10) in base 13?
4a67
715232 (base 9) to base 4
1213130330
What is c1ab (base 14) in base 12?
1730b
What is 22123561 (base 7) in base 11?
1091540
What is -c52 (base 14) in base 13?
-1146
What is -12ed4a (base 16) in base 2?
-100101110110101001010
What is -757c4 (base 13) in base 4?
-303310133
What is 9a861b (base 14) in base 2?
10100000001001011110001
-984a88 (base 11) to base 10
-1573217
-32100311 (base 4) to base 15
-1249b
105422 (base 6) to base 16
2336
516848 (base 9) to base 11
19a615
Convert 278968 (base 10) to base 5.
32411333
Convert -1000022210021 (base 3) to base 6.
-15310011
-cd056 (base 16) to base 12
-345b86
Convert -35200 (base 6) to base 7.
-20460
-444110124 (base 5) to base 12
-797521
Convert -32515207 (base 8) to base 2.
-11010101001101010000111
What is 11d6cb (base 14) in base 16?
95b93
Convert 2221111210002 (base 3) to base 9.
2844702
Convert -43501 (base 11) to base 9.
-105571
Convert 535a4 (base 11) to base 15.
18147
66a76 (base 15) to base 16
4fad9
What is 1522a (base 14) in base 7?
306153
What is -1111100111011010010100 (base 2) in base 7?
-46536442
-2102341140 (base 5) to base 12
-155380a
-1724231 (base 11) to base 6
-142514224
Convert -1001111110100000101100 (base 2) to base 13.
-707550
What is -42218 (base 14) in base 2?
-100110111101001110
What is bab22 (base 16) in base 12?
30a656
What is -10100111010110100 (base 2) in base 14?
-23324
785a748 (base 11) to base 2
110100100011011101101101
Convert -47b30 (base 12) to base 16.
-17994
Convert 1101101100010 (base 3) to base 14.
152219
Convert 34a5750 (base 13) to base 8.
76024422
-1420633 (base 7) to base 10
-189997
Convert -210361 (base 14) to base 6.
-35520453
What is -210201021210012 (base 3) in base 12?
-3a46235
What is -1012120202011 (base 3) in base 16?
-9c937
d1971 (base 15) to base 2
10100010000001001111
Convert -13673580 (base 9) to base 3.
-110202110122200
Convert -1011000110101100010000 (base 2) to base 15.
-3c77b2
Convert 113154502 (base 6) to base 2.
1000000100010100000110
-21202101001 (base 3) to base 14
-3d8a4
6b08b (base 16) to base 12
191863
1001110000001000 (base 2) to base 10
39944
51b6 (base 16) to base 12
10132
What is 11205243 (base 6) in base 2?
1010011110100011011
Convert -8a0cb (base 14) to base 13.
-b95c2
What is -215775 (base 10) in base 12?
-a4a53
What is 12202010120 (base 3) in base 7?
650466
Convert 472571 (base 8) to base 12.
79309
What is -104410122 (base 5) in base 4?
-1301311233
What is 18877ac (base 14) in base 5?
11103111223
Convert 10001